{"id":13579,"date":"2018-03-30T14:54:08","date_gmt":"2018-03-30T12:54:08","guid":{"rendered":"http:\/\/www.lraakmda.fr\/?page_id=13579"},"modified":"2018-03-30T14:54:08","modified_gmt":"2018-03-30T12:54:08","slug":"video-regroupement-pierre-b-20180217","status":"publish","type":"page","link":"https:\/\/www.lraakmda.fr\/index.php\/pages\/video-regroupement-pierre-b-20180217\/","title":{"rendered":"Vid\u00e9o Regroupement Elite &#8211; Pierre-B\u00e9nite &#8211; 17 F\u00e9vrier 2018"},"content":{"rendered":"","protected":false},"excerpt":{"rendered":"","protected":false},"author":1,"featured_media":3526,"parent":342,"menu_order":0,"comment_status":"open","ping_status":"open","template":"","meta":[],"_links":{"self":[{"href":"https:\/\/www.lraakmda.fr\/index.php\/wp-json\/wp\/v2\/pages\/13579"}],"collection":[{"href":"https:\/\/www.lraakmda.fr\/index.php\/wp-json\/wp\/v2\/pages"}],"about":[{"href":"https:\/\/www.lraakmda.fr\/index.php\/wp-json\/wp\/v2\/types\/page"}],"author":[{"embeddable":true,"href":"https:\/\/www.lraakmda.fr\/index.php\/wp-json\/wp\/v2\/users\/1"}],"replies":[{"embeddable":true,"href":"https:\/\/www.lraakmda.fr\/index.php\/wp-json\/wp\/v2\/comments?post=13579"}],"version-history":[{"count":1,"href":"https:\/\/www.lraakmda.fr\/index.php\/wp-json\/wp\/v2\/pages\/13579\/revisions"}],"predecessor-version":[{"id":13580,"href":"https:\/\/www.lraakmda.fr\/index.php\/wp-json\/wp\/v2\/pages\/13579\/revisions\/13580"}],"up":[{"embeddable":true,"href":"https:\/\/www.lraakmda.fr\/index.php\/wp-json\/wp\/v2\/pages\/342"}],"wp:featuredmedia":[{"embeddable":true,"href":"https:\/\/www.lraakmda.fr\/index.php\/wp-json\/wp\/v2\/media\/3526"}],"wp:attachment":[{"href":"https:\/\/www.lraakmda.fr\/index.php\/wp-json\/wp\/v2\/media?parent=13579"}],"curies":[{"name":"wp","href":"https:\/\/api.w.org\/{rel}","templated":true}]}}