{"id":5830,"date":"2016-11-30T07:43:13","date_gmt":"2016-11-30T06:43:13","guid":{"rendered":"http:\/\/www.lraakmda.fr\/?page_id=5830"},"modified":"2016-11-30T07:44:10","modified_gmt":"2016-11-30T06:44:10","slug":"assemblee-generale-26-novembre-2016-bourgoin-jallieu","status":"publish","type":"page","link":"https:\/\/www.lraakmda.fr\/index.php\/pages\/assemblee-generale-26-novembre-2016-bourgoin-jallieu\/","title":{"rendered":"Assembl\u00e9e G\u00e9n\u00e9rale &#8211; 26 Novembre 2016 &#8211; Bourgoin-Jallieu"},"content":{"rendered":"","protected":false},"excerpt":{"rendered":"","protected":false},"author":1,"featured_media":3526,"parent":342,"menu_order":0,"comment_status":"open","ping_status":"open","template":"","meta":[],"_links":{"self":[{"href":"https:\/\/www.lraakmda.fr\/index.php\/wp-json\/wp\/v2\/pages\/5830"}],"collection":[{"href":"https:\/\/www.lraakmda.fr\/index.php\/wp-json\/wp\/v2\/pages"}],"about":[{"href":"https:\/\/www.lraakmda.fr\/index.php\/wp-json\/wp\/v2\/types\/page"}],"author":[{"embeddable":true,"href":"https:\/\/www.lraakmda.fr\/index.php\/wp-json\/wp\/v2\/users\/1"}],"replies":[{"embeddable":true,"href":"https:\/\/www.lraakmda.fr\/index.php\/wp-json\/wp\/v2\/comments?post=5830"}],"version-history":[{"count":1,"href":"https:\/\/www.lraakmda.fr\/index.php\/wp-json\/wp\/v2\/pages\/5830\/revisions"}],"predecessor-version":[{"id":5865,"href":"https:\/\/www.lraakmda.fr\/index.php\/wp-json\/wp\/v2\/pages\/5830\/revisions\/5865"}],"up":[{"embeddable":true,"href":"https:\/\/www.lraakmda.fr\/index.php\/wp-json\/wp\/v2\/pages\/342"}],"wp:featuredmedia":[{"embeddable":true,"href":"https:\/\/www.lraakmda.fr\/index.php\/wp-json\/wp\/v2\/media\/3526"}],"wp:attachment":[{"href":"https:\/\/www.lraakmda.fr\/index.php\/wp-json\/wp\/v2\/media?parent=5830"}],"curies":[{"name":"wp","href":"https:\/\/api.w.org\/{rel}","templated":true}]}}

Assemblée Générale &#8211; 26 Novembre 2016 &#8211; Bourgoin-Jallieu
