{"id":9535,"date":"2017-09-28T11:14:00","date_gmt":"2017-09-28T09:14:00","guid":{"rendered":"http:\/\/www.lraakmda.fr\/?page_id=9535"},"modified":"2017-11-15T11:27:42","modified_gmt":"2017-11-15T10:27:42","slug":"assemblee-generale-23-septembre-2017-l-isle-d-abeau","status":"publish","type":"page","link":"https:\/\/www.lraakmda.fr\/index.php\/pages\/assemblee-generale-23-septembre-2017-l-isle-d-abeau\/","title":{"rendered":"Assembl\u00e9e G\u00e9n\u00e9rale &#8211; 23 Septembre 2017 &#8211; L&#8217;Isle d&#8217;Abeau"},"content":{"rendered":"","protected":false},"excerpt":{"rendered":"","protected":false},"author":1,"featured_media":3526,"parent":342,"menu_order":0,"comment_status":"open","ping_status":"open","template":"","meta":[],"_links":{"self":[{"href":"https:\/\/www.lraakmda.fr\/index.php\/wp-json\/wp\/v2\/pages\/9535"}],"collection":[{"href":"https:\/\/www.lraakmda.fr\/index.php\/wp-json\/wp\/v2\/pages"}],"about":[{"href":"https:\/\/www.lraakmda.fr\/index.php\/wp-json\/wp\/v2\/types\/page"}],"author":[{"embeddable":true,"href":"https:\/\/www.lraakmda.fr\/index.php\/wp-json\/wp\/v2\/users\/1"}],"replies":[{"embeddable":true,"href":"https:\/\/www.lraakmda.fr\/index.php\/wp-json\/wp\/v2\/comments?post=9535"}],"version-history":[{"count":1,"href":"https:\/\/www.lraakmda.fr\/index.php\/wp-json\/wp\/v2\/pages\/9535\/revisions"}],"predecessor-version":[{"id":9536,"href":"https:\/\/www.lraakmda.fr\/index.php\/wp-json\/wp\/v2\/pages\/9535\/revisions\/9536"}],"up":[{"embeddable":true,"href":"https:\/\/www.lraakmda.fr\/index.php\/wp-json\/wp\/v2\/pages\/342"}],"wp:featuredmedia":[{"embeddable":true,"href":"https:\/\/www.lraakmda.fr\/index.php\/wp-json\/wp\/v2\/media\/3526"}],"wp:attachment":[{"href":"https:\/\/www.lraakmda.fr\/index.php\/wp-json\/wp\/v2\/media?parent=9535"}],"curies":[{"name":"wp","href":"https:\/\/api.w.org\/{rel}","templated":true}]}}